t q = 182 + -309. Let g = j - q. What is the highest common factor of g and 34?
17
Let q(b) = b**2 + 95*b - 852. Let n be q(9). What is the greatest common factor of 91 and n?
7
Suppose 0*s - 12*s + 12300 = 0. Suppose s = 5*b - 5*z, -2*b + 3*z - 225 = -3*b. Calculate the highest common divisor of 21 and b.
21
Let z be 2 + 37/1 + -5 + 2. Calculate the highest common divisor of 16 and z.
4
Let m = 162 + -67. Let n(j) = -j**3 - 11*j**2 - 5*j - 17. Let o be n(-11). Calculate the greatest common factor of m and o.
19
Let c be (-3)/(-42)*6 - (-13956)/21. What is the highest common factor of c and 35?
35
Suppose -u - 2*u - 267 = 0. Suppose 0 = -m + 3*x + 146, 309 + 261 = 4*m + 2*x. Let k = m + u. Calculate the greatest common factor of k and 6.
6
Suppose 3*r - 392 = -f - 3*f, 3*r = 5*f + 428. Suppose n = -4*n + 85. What is the greatest common factor of r and n?
17
Suppose -5*l + 128 = 3*l. Calculate the highest common factor of l and 328.
8
Let g = 84 + -35. What is the highest common factor of 147 and g?
49
Let m(i) = -3*i - 5. Let c be m(-4). Let j(y) = 5*y - 27. Let u be j(c). What is the greatest common divisor of u and 64?
8
Let x(d) = -29*d + 3. Let m be x(-3). Suppose -5*b - 4*k - 242 + 271 = 0, k - 11 = -2*b. What is the greatest common divisor of b and m?
5
Let f be ((-42)/(-49))/(5 - 2620/525). What is the highest common divisor of 2250 and f?
90
Let x be (15/(-4))/((-1)/32). Suppose -x = b - 6*b. Calculate the greatest common factor of b and 36.
12
Let p(g) = g**3 - 10*g**2 + g - 8. Let a be p(10). Let m be (a/(-3))/(3/(-216)). Calculate the greatest common factor of m and 12.
12
Let q = -62 + 55. Let x be 4/14 - 754/q. Calculate the greatest common divisor of x and 72.
36
Let v(a) be the first derivative of 7*a**2 - 37. Let q be v(3). What is the highest common divisor of q and 42?
42
Let v = -28 - 44. Let f be 1/(-6) - (-3516)/v. Let c = -27 - f. What is the greatest common factor of c and 88?
22
Let k = -11 + 16. Let x(m) = 31*m - 1. Let l be x(1). Suppose -s + l = -k. Calculate the greatest common divisor of 5 and s.
5
Let k(v) = 3*v**2 - 3*v - 6. Let d be k(5). Let x = 83 - 77. What is the highest common factor of x and d?
6
Let y be (132 + -2)*(-50)/(-100). Calculate the highest common divisor of 1235 and y.
65
Suppose 3*m = -4*i + 16, 0*m - 17 = -i - 4*m. Let x be (3 - 1) + (-4 - -2). Let g be (i - x) + 77 - -3. What is the greatest common divisor of 9 and g?
9
Suppose -h + 22 = -2*g, 3*g + 6 = g. Suppose 0*c + 2*c = 2. Let s = c - -1. Calculate the greatest common factor of h and s.
2
Suppose 2*n - n - 4 = 0, 0 = 4*f - 4*n - 500. Suppose s = -2*s, -3*u + 87 = 5*s. Suppose -5*k - u = -f. Calculate the highest common factor of k and 4.
4
Suppose -y - 11 = -16. Suppose 234 + 266 = y*k. What is the greatest common divisor of k and 40?
20
Suppose 0 = 3*n - v - 132, 4*n - v = 3*n + 44. Calculate the highest common divisor of n and 836.
44
Let d be (-4)/14 + (-111)/(-21). Suppose -5*k + 2*t + 810 + 35 = 0, 2*k + d*t = 367. Suppose -4*r + 109 = -k. Calculate the highest common factor of 7 and r.
7
Let q(f) = -10*f - 79. Let n be q(-10). What is the greatest common factor of n and 189?
21
Let p be ((-3)/(-21) - (-22)/(-7)) + 527. Let r = p + -368. Calculate the highest common divisor of 26 and r.
26
Let o = 353 + -199. Let n(f) = f**2 - 6*f + 8. Let g be n(4). Let w be (g - 7)/(7 - 30/4). Calculate the greatest common divisor of o and w.
14
Let h = 3315 - 2547. Calculate the highest common divisor of h and 72.
24
Suppose -11*z + 10*z = 4*z. Suppose z = 84*b - 88*b + 56. What is the greatest common factor of b and 14?
14
Let h = 22 - 19. Let k be (h - 341/(-4)) + (-1)/4. Calculate the highest common factor of 11 and k.
11
Let n be 1/(-9)*-2 + (-2118)/54. Let b = n - -49. Calculate the highest common factor of 1 and b.
1
Suppose 42*o + 2450 = 47*o. Calculate the highest common divisor of 280 and o.
70
Suppose -8*g + 11*g = 189. Let w = -25 + g. Calculate the highest common factor of 2 and w.
2
Let x(q) = -2*q**2 - 14*q + 3. Let o be x(-9). Let t = 40 + o. Calculate the greatest common divisor of t and 35.
7
Let f(n) = -n - 3. Let v = -12 + 7. Let p be f(v). Suppose -2*x = p, 2*o = 4*o + x - 27. Calculate the highest common factor of 42 and o.
14
Let k be 10*(-2)/(-10)*2. Suppose -5*q = -5*m - 30, 1 + 20 = k*q - 5*m. What is the greatest common factor of q and 126?
9
Let s(u) = 42*u**3 - u**2 + 4*u - 1. Let y be s(2). What is the highest common factor of y and 452?
113
Suppose n + 474 = 4*n. Suppose 2*o - o = -3*f + 34, f - n = -4*o. What is the highest common factor of o and 100?
20
Let u = 13 + -7. Suppose 5*o - 7 = -f, -3*o - f = f. Suppose 5*a = -4*h + 40, 21 = o*a - 3*a + 5*h. What is the highest common divisor of a and u?
2
Suppose -26*j - 270 = -41*j. Calculate the highest common factor of 1269 and j.
9
Let r be (10/(-4) + -2)/((-138)/460). Calculate the greatest common factor of 615 and r.
15
Let s be (1 - 2/(-1))/1. Suppose b + s - 5 = 0. Suppose -b*c = -3*k + 58 + 83, -2*c - 51 = -k. Calculate the highest common factor of k and 15.
15
Let o be ((-24)/(-10))/((-1)/(-110)). Suppose 4*z = -5*w + o, -2*w + 115 + 17 = -5*z. What is the greatest common factor of 280 and w?
56
Let t = -1 + 9. Let j(c) = -c**3 + 7*c**2 + 11*c - 3. Let y be j(t). Let p = -4904 - -4918. Calculate the highest common divisor of y and p.
7
Let g(u) = 2*u**2 - 14*u + 15. Let d be g(9). What is the highest common divisor of 561 and d?
51
Let z = -388 + 1540. What is the highest common divisor of z and 24?
24
Suppose 0 = 10*s - 1242 - 2048. Calculate the highest common divisor of s and 7.
7
Suppose -2*j = j + 3. Suppose -109 = -3*h - 82. Let u = h + j. What is the highest common factor of 8 and u?
8
Suppose -9*p + 12*p = 24. Suppose -p*v - 10 = -34. Let c = v + 1. What is the greatest common factor of c and 4?
4
Let r = 88 - 43. Let h = 24 - r. Let n = h - -37. What is the greatest common factor of 40 and n?
8
Suppose -5*t = n - 1, -4*t + 0*t + 1 = n. Suppose -5*q = 1163 - 1188. What is the highest common divisor of n and q?
1
Let i be 2*(-1714)/(-20) - (-3)/5. Calculate the greatest common divisor of 43 and i.
43
Suppose 0 = -2*h - 4*u - 100 + 40, -3*h - u - 70 = 0. Let q = 41 + h. Let k(g) = 94*g + 1. Let y be k(1). What is the highest common divisor of y and q?
19
Suppose -v + 8 = 6. Suppose v*k = -54 + 60. What is the highest common factor of 27 and k?
3
Let b(d) = d**2 + 9*d - 16. Let t be b(-11). Let l(v) = v**3 + 3*v**2 - 13*v + 15. Let a be l(t). Calculate the highest common divisor of a and 29.
29
Let l = -184 - -190. Calculate the highest common factor of 174 and l.
6
Suppose 0 = u - 0 - 2. Suppose u = -a, y - 4*y = 3*a - 12. What is the highest common divisor of 30 and y?
6
Let q(r) = -r**3 + 20*r**2 + 26*r - 51. Let t be q(21). Suppose 0*m - 3*m = -405. Calculate the highest common factor of t and m.
27
Let o(u) = 324*u - 8. Let c be o(2). What is the greatest common divisor of 40 and c?
40
Let v be (888/(-518))/((-2)/2268). Calculate the highest common divisor of 36 and v.
36
Suppose -o + 2*d + 14 = 0, 5*d + 4 = -21. Calculate the greatest common divisor of o and 156.
4
Let l = 38 + -31. Let v(f) = f**2 - 10*f + 3. Let x be v(l). Let r be (-14)/(-63) - 2768/x. Calculate the highest common divisor of r and 14.
14
Let c be ((-34)/4)/(14/(-28)*1). Suppose 0 = -4*k + 139 + 269. Calculate the greatest common factor of k and c.
17
Let s(t) = -3*t + 2. Let f be s(1). Let v be f + (-2)/(4/(-2)). Let y be -61*(v + -1) - 1. Calculate the highest common divisor of y and 20.
20
Suppose 3*p - 150 = -x, -x - 102*p + 178 = -106*p. What is the greatest common factor of 1377 and x?
81
Let b(v) = 2*v + 57. Let d be b(18). What is the highest common factor of 3 and d?
3
Let b be 8 - (0 - (2 - 1)). Let g be ((-10)/(-7))/(9/315). Let h = g - 14. Calculate the greatest common divisor of h and b.
9
Suppose g - 5 = -1. Let n be (34/8)/((-1)/(-4)). Suppose -3*v + n = 5. Calculate the highest common divisor of g and v.
4
Let p be (-34)/68*(1*4)/1. Let d be 12 - 15 - p/(2/9). What is the greatest common factor of 6 and d?
6
Let q(k) be the second derivative of -k**5/20 + 17*k**4/12 - 4*k**3/3 - 6*k. Let d be q(16). Let v = -77 + d. Calculate the greatest common factor of v a